 + 21. What is the remainder when t is divided by o(18)?
9
Let r = -2151 + 2180. What is the remainder when r is divided by 15?
14
Let h be 152/28 - (-8)/14. Suppose -3*p + 3 = -h. Calculate the remainder when p is divided by 2.
1
Let c(x) = -45*x - 581. What is the remainder when c(-14) is divided by 17?
15
Suppose -4*o - 24 + 104 = 0. Suppose i + o = -22. Let m = i + 63. What is the remainder when m is divided by 11?
10
Let q be 24 + -21 - (0 - 8). Suppose 2*d + 4*w - 7 - q = 0, -4*w = 5*d - 57. What is the remainder when 150/4*4/3 is divided by d?
11
Let w = 195 + -123. Let y = w + -67. Calculate the remainder when 5 - (-2)/(-2)*-1 is divided by y.
1
Suppose -2*r + 1 = -5. Suppose -3*b - 4*v + 20 = 0, 6*b = 3*b + r*v + 27. Suppose -4*u + 484 = 18*u. Calculate the remainder when u is divided by b.
6
Suppose 4*a - 420 = 4*y, -4*y - 26 - 289 = -3*a. What is the remainder when a is divided by 28?
21
Suppose 0*k - 2*k - 5*u + 61 = 0, -5*k = 5*u - 160. Let a = k + -20. What is the remainder when 10 is divided by a/4 - (-3)/(-12)?
1
Let v(i) = i**2 + 18*i - 7. Let p be v(-8). Let t = -6 - p. What is the remainder when t is divided by 41?
40
Let r(l) = 150*l - 688. What is the remainder when 2355 is divided by r(5)?
61
Let c = -16 + 67. Calculate the remainder when 103 is divided by c.
1
Let j be -1 + -2 + 0 + 5. Suppose 0 = -h - j*k + 10 + 5, h = k. Let y = -3802 - -3809. Calculate the remainder when y is divided by h.
2
Let a = 2298 + -2225. What is the remainder when 230 is divided by a?
11
Suppose -59*l + 168 = -53*l. What is the remainder when 192 is divided by l?
24
Let h(n) = -18*n - 687. What is the remainder when 1391 is divided by h(-43)?
86
Let m be 2 - -38*1 - -4. Let d = m - 26. Calculate the remainder when 70 is divided by d.
16
Let c(k) = -35*k + 4. What is the remainder when 77 is divided by c(-1)?
38
Suppose -2*l = 3*n - n - 314, 479 = 3*n - l. Let f = n - 103. What is the remainder when f is divided by 29?
27
Let j be 2/(-8) + 113/4. Suppose -134 = -2*z - j. What is the remainder when z is divided by 15 - (3 - 1)/2?
11
Let d(k) = -k**3 + 9*k**2 + k + 1. What is the remainder when 38 is divided by d(9)?
8
What is the remainder when (-1)/(-2 - -1) - (-48 + 3) is divided by 24?
22
Let b(n) = 27*n - 97. Calculate the remainder when b(4) is divided by 9.
2
Let s be -5 + 9 + (-1)/((-2)/6). Let d = s - -7. What is the remainder when 53 is divided by d?
11
Let s(o) = -o + 14. Let j be s(10). Suppose 4*m - j = -4*a, 3*m - 2*a - 4 = -m. Suppose d - 2*d = -m. Calculate the remainder when 3 is divided by d.
0
Suppose 14*u - 20 = 9*u. Suppose 90 = 2*w - u*v, 3*v = 3*w - v - 129. What is the remainder when w is divided by 22?
17
Let q = -931 - -963. Calculate the remainder when 734 is divided by q.
30
Suppose -p = -2*u + 19, -10 = -5*u - 3*p + 10. Suppose -5*s + u*f + 95 = 2*f, 5*s - 2*f = 92. What is the remainder when s is divided by 10?
8
Let x(p) = -p + 7. Let n(r) = r - 12. Let z(v) = 2*n(v) + 5*x(v). Suppose 6*m - 30 = m. Calculate the remainder when z(-4) is divided by m.
5
Let j(f) = f**3 + 5*f**2 - 8*f - 9. Let h be j(-6). Let l be 16/20*(-30)/4. What is the remainder when 9/l*(-92)/h is divided by 12?
10
Suppose 5*x + 320 = 5*s, -5*x - 3*s - 333 - 11 = 0. Let z = -5 - x. What is the remainder when 183 is divided by z?
59
Let l(k) = k**2 - k + 4. Suppose 2*o + 31 = -3*f, -5*o - 25 = -0*o. Let q be 6/(-3 + (-2 - f)). Calculate the remainder when 28 is divided by l(q).
8
Let r = 302 - -70. What is the remainder when r is divided by 127?
118
Let r(q) = -q - 5. Let n be r(-9). Suppose n*l + 30 = 122. Suppose -p - 5*h - 15 = 0, 3*p - 4*h = -2*h + l. What is the remainder when 14 is divided by p?
4
Let m(j) = j**2 - 9*j - 17. Calculate the remainder when m(11) is divided by 2.
1
Suppose -8*x = -240 + 64. What is the remainder when 130 is divided by x?
20
Let c = -20 + 20. Suppose 5*g + 3*a - 137 = c, -4*a - a - 5 = 0. Let r = g + -15. Calculate the remainder when 50 is divided by r.
11
Let d(v) be the third derivative of -v**6/120 + v**5/60 + v**4/24 + 7*v**3/3 - 10*v**2. Calculate the remainder when (-22)/(-3)*(-15)/(-2) is divided by d(0).
13
Let n(w) = w**2 - 10*w + 207. What is the remainder when n(20) is divided by 41?
38
Suppose 124 = b + b + o, o = -3*b + 184. Suppose 6*x - 5*f - b = x, x + 3 = -2*f. Let l(y) = y + 17. What is the remainder when l(-6) is divided by x?
4
Suppose 0 = -k - 3*o + 116, -208 = -2*k - 3*o + 5*o. Let x = k - 69. What is the remainder when x is divided by (-7)/42 + (-122)/(-12)?
8
Let k(n) = -2*n**2 - 24*n + 6. Let i be k(-12). Suppose 0 = -s - i + 2. Calculate the remainder when (56 - 3 - s) + 2 is divided by 20.
19
Let t(m) = 2*m**2 - 16*m - 48. Calculate the remainder when 141 is divided by t(-4).
45
Let p(w) = -6*w. Suppose f + 10 = 12. Calculate the remainder when p(-4) is divided by (57/76)/(f/24).
6
Suppose -f = -3 - 18. Let k(v) = 142*v + 718. Calculate the remainder when f is divided by k(-5).
5
Let t(q) = q + 4. Let y(b) = b**2 + 2*b. Let o be y(-3). Calculate the remainder when t(o) is divided by 5.
2
Let z be 4/(-6) - (-101)/3. Let x = -23 + 9. Let a = x + z. What is the remainder when 74 is divided by a?
17
Suppose -3*v = -3, -4*y + 53 = -v + 6. What is the remainder when 129 is divided by y?
9
Suppose 2991 - 3012 = -3*h. Calculate the remainder when 157 is divided by h.
3
What is the remainder when 118 is divided by -22*((-8)/6 + 5/6)?
8
What is the remainder when 738 is divided by 2/(-20) - 17/((-1530)/3339)?
35
What is the remainder when (-6 - (0 + -1))*(-1914)/145 is divided by 38?
28
Suppose 3*q - 117 = -3*b, 3*b = 4*q - 2*b - 120. Calculate the remainder when ((-17262)/630)/(1*1/(-5)) is divided by q.
32
Let x = 249 - 247. What is the remainder when 59 is divided by x?
1
Let p = 1656 + -1624. What is the remainder when 262 is divided by p?
6
Let g = 3 - 2. Let l = g + 9. Calculate the remainder when l is divided by ((-15)/(-5) + 3)*2/2.
4
Suppose 0 = 4*o + o - 35. Let s(v) = -3*v + 6. Let l be s(2). Suppose -f = l, -3*f = 2*g + 2*f - 40. Calculate the remainder when g is divided by o.
6
Suppose 4*u + 4*i + 726 = 2166, -354 = -u + i. Calculate the remainder when u is divided by 20.
17
Let v = 2256 - 1596. What is the remainder when v is divided by 51?
48
Suppose 365 = -p + 5*k - 272, 0 = -2*k. Let o be p/(-26) + (-2)/(-4). Let l = o + -16. What is the remainder when 43 is divided by l?
7
Let c = 260 + -217. Calculate the remainder when c is divided by 12.
7
Calculate the remainder when 9/(54/366)*(2 + -1) is divided by 24.
13
Let q(l) = 2*l**2 + 4*l + 2. Let j be q(-2). Let x = -5 + 6. Calculate the remainder when x is divided by ((-2)/4)/((-1)/j).
0
Let h = 2 + 10. Let c = -19 + 21. What is the remainder when c/(2*4/136) is divided by h?
10
Suppose 11*y - 701 - 454 = 0. What is the remainder when y is divided by 36?
33
Let w(a) = -a**2 + 4*a + 2. Let y be w(4). Suppose 0 = -0*i - y*i + 104. What is the remainder when i is divided by 27?
25
Suppose -28 = -4*s + 4*w, 0*w - 25 = 5*w. Suppose -s*g - 2*p = -12, -p - 7 = -3*g + 31. What is the remainder when (-2)/(-11) + 621/33 is divided by g?
8
Let x be (-152)/10 - (-5)/25. Let c(w) = 2*w**3 - 2*w**2 - 2*w + 2. Calculate the remainder when c(3) is divided by (-162)/(-15) + (-3)/x.
10
Suppose 1301 = f + 124. Suppose -5*c + 1115 = -2*x, -f = -5*c - 4*x - 32. What is the remainder when c is divided by 19?
16
Let r = 121 - -1626. Calculate the remainder when r is divided by 70.
67
Suppose 0 = 3*c - 71 + 5. What is the remainder when 84 is divided by c?
18
Suppose 2*g = -5*k - 0*g - 147, 3*g = 2*k + 55. Let a = -11 - k. Calculate the remainder when a is divided by 7.
4
Let c(l) = -2*l**2 - 7*l + 4. Let v be c(-4). Suppose v = -4*g - 4*g + 80. What is the remainder when g is divided by 4?
2
What is the remainder when 213/(-4 + (0 - -5)) is divided by 72?
69
Calculate the remainder when 83 is divided by (480/(-56))/((-30)/7 - -4).
23
Let r(p) = p**2 - 4*p + 4. Suppose 0 = 5*y - 34 + 94. What is the remainder when (-6 - -2)/(8/y) is divided by r(4)?
2
Suppose 4*a = -a + 4*i + 557, -3*i + 209 = 2*a. Calculate the remainder when a is divided by (-165)/110*((-44)/3 - 0).
21
Let d = 317 - 290. Let k = 27 - 19. Let z = k + 7. What is the remainder when 